0. What is the units digit of f?
6
Let y be 30/(-5 - (1030/(-205) - 0)). Let s = y + -773. What is the units digit of s?
7
Let q(x) be the third derivative of 49*x**5/60 + 5*x**4/12 + 17*x**3/3 - 33*x**2. What is the thousands digit of q(5)?
1
Let c(z) = 5*z**2 + 5*z + 3. Let b be c(-3). Let t be (-740)/130 - (-12)/(-39). What is the hundreds digit of (b - 3)*(-27)/t - 0?
1
Let f = 46 + -34. Suppose 5*p - f - 18 = 0. What is the tens digit of 172/(-3)*p/(-12)*3?
8
Suppose -o + 2*i = -539, 4*o + i - 2104 = -4*i. Let l(f) = 6*f**2 - f - 2. Let q be l(1). Suppose q*z - o = -177. What is the tens digit of z?
1
Suppose -8*d = 14*d + 3234. Let u = d + 366. What is the units digit of u?
9
Let j(u) = -u**2 + 11*u - 26. Let x be j(4). Suppose 2*r - 254 = -4*a, -3*r + 249 = 2*a + x*a. Suppose -a = i - 3*i. What is the tens digit of i?
3
Suppose -38*g + 32*g - 205196 = -4*w, -2*w + 102574 = g. What is the tens digit of w?
9
Let z be 3*(-3)/18 - (-190)/4. Let b = z - 37. Suppose -4*r + b*r = 150. What is the units digit of r?
5
Suppose 2*c + 15 + 1 = 4*f, -3*c = 5*f + 68. What is the thousands digit of ((-1093)/2)/(24/c + 1)?
1
Suppose 1077896 = 24*z - 313648. What is the tens digit of z?
8
Suppose -17*y + 26*y = -54. What is the units digit of 24055/60 - y/72?
1
Let m(c) = 29*c**2 - 61*c - 1190. What is the thousands digit of m(-15)?
6
Let q(k) = -k**2 - 6*k + 1. Let j be q(-5). Let h(t) = t**2 - 2*t - 21. Let f be h(j). Suppose -4*d + 87 + 94 = c, -d + 59 = f*c. What is the units digit of d?
4
Let h(x) = x**3 - 4*x**2 + 5*x. Let l be h(2). Let k(r) = 111*r**l - 15*r - 12*r + 26*r. What is the units digit of k(1)?
0
Suppose 4*u - 16 = -3*l, 4*l - l - 23 = -5*u. Let z be (-187)/((-4)/(u + -3)). Let v = z - 107. What is the units digit of v?
0
Let l be 0 + 16/7 + 2/(-7). Let o(t) = 15*t**2 - 5*t + 7. What is the tens digit of o(l)?
5
Let y = -10967 + 21818. What is the hundreds digit of y?
8
Suppose 5*b + 2*r = 7*b - 652, 1618 = 5*b - r. Let h = b - 293. What is the units digit of h?
0
Let k(u) = 148*u + 1985. What is the thousands digit of k(39)?
7
Suppose 2*z = 5*h - 9, -h - 4*z - 1 = 6. What is the units digit of (17/((-34)/(-1196)))/h?
8
What is the ten thousands digit of 30401 - 1677/86*8/12?
3
Let p be 5*61/(-2)*(-24)/12. Suppose -107 - p = -l. What is the tens digit of l?
1
Let o be (-4)/10 - 465/25. Suppose 0 = 5*k + 7 - 122. Let h = k - o. What is the units digit of h?
2
Suppose p = -5*t + 12461, 16*p = 4*t + 11*p - 9963. What is the tens digit of t?
9
Suppose -19*j + 139612 + 291270 = 0. What is the units digit of j?
8
Let u = 183 - 191. What is the tens digit of ((-758)/4)/(4/u)?
7
Let a be ((-744)/16)/(43/40 + -1). Let r = a + 990. What is the tens digit of r?
7
Let d = 58125 - 28577. What is the thousands digit of d?
9
What is the tens digit of 24703 - (-3 + 2)/(3/30)?
1
Let i(y) = 4*y**2 - 44*y + 47. Let h be i(10). Suppose 6*u = 2*x + h*u - 2518, 0 = -3*x + 5*u + 3803. What is the units digit of x?
1
Let q(k) = -571*k - 49. Let z(s) = -4*s + 58. Let m be z(15). What is the thousands digit of q(m)?
1
Suppose 103*f - 33037 = 99*f + 3*x, -2*x = -2*f + 16518. What is the thousands digit of f?
8
What is the units digit of (-4)/24*-3*(-15980)/(-10)?
9
Let a = 27 - 25. Suppose -5*u + 22 = a*z, 2*u + 0*z = 4*z + 4. What is the units digit of 2136/21 + 0 + u/14?
2
Suppose -767*u + 771*u = 7320. Let l = -768 + u. What is the tens digit of l?
6
Let j(s) be the second derivative of s**4/12 - s**3/6 + 91*s**2/2 + 80*s. What is the tens digit of j(17)?
6
What is the thousands digit of 309/(-4)*1526/(-9)*(-960)/(-560)?
2
Let g(w) = -139*w - 68. Let x be g(-6). Suppose -y + o + 494 = 0, 3*y - 4*o - x = 716. What is the units digit of y?
4
Suppose -175*q + 14 = -168*q. Suppose -5*f - 740 = -t - q*t, 4*t = -5*f + 940. What is the units digit of t?
0
What is the tens digit of (1556/(-16))/(9 - 1730/192)?
3
Let b(k) = k**3 - 39*k**2 + 104*k - 42. What is the tens digit of b(40)?
1
Suppose 141064 + 90207 = 3*v + b, 0 = -5*v + 2*b + 385448. What is the ten thousands digit of v?
7
Suppose a + 5*o + 2 = 8*o, -2*a - o + 10 = 0. Suppose -72*f = -271 - 89. Suppose 0 = -4*i + f*p + 76, -44 = -2*i - 0*i + a*p. What is the tens digit of i?
1
Let y = -395 - -350. What is the hundreds digit of (-3)/(-2) + y/10 - -280?
2
Let r = -10852 + 14479. What is the units digit of r?
7
Let n = 71745 + -23833. What is the units digit of n?
2
Let a = 100 + -598. Let j = 944 + a. What is the hundreds digit of j?
4
Let q(z) = -5 - 12*z + 13*z + 14*z**3 + 2*z**2 + 3 - 1. Let g be q(2). Suppose 13*r = 167 + g. What is the units digit of r?
2
Suppose 4*p + 1473 = -1939. Let c = -367 - p. What is the tens digit of c?
8
Let j = 76 + -74. Suppose -6*v = -3*w - j*v + 657, -3*w + 5*v = -657. Let u = w - 48. What is the units digit of u?
1
Suppose 0 = -o + 3*o + i + 13, 4*i = 3*o + 47. Let j be o*(3 + (-50)/15). Suppose 0 = -j*p + 138 + 120. What is the tens digit of p?
8
Suppose 43*z - 41*z + 7*w = 37947, -2*w = -3*z + 57008. What is the units digit of z?
8
Let h be 925 + (-9)/3*-2. Suppose 0 = a + 298 - h. What is the units digit of a?
3
What is the hundreds digit of (-13934412)/(-460) + (-3)/15?
2
Let l = 3118 + -1168. Suppose l = -77*d + 82*d. What is the hundreds digit of d?
3
Suppose -3*y - 2*y - 1670 = -5*p, 3*y = -3*p + 1008. Let w = p + 2. What is the hundreds digit of w?
3
Let i(p) be the first derivative of p**4/4 + p**3 - p**2/2 + 2*p + 4. Let x be i(-2). Let f(g) = -2*g + 25. What is the units digit of f(x)?
9
Let g be (1/(-3))/((-4)/612). What is the hundreds digit of 1/3 + 7276/g?
1
What is the hundreds digit of (-1*1)/((969/39440)/(-57))?
3
Let a = -136975 + 193626. What is the hundreds digit of a?
6
Let v(f) = -2*f**2 - 28*f - 6. Suppose -k = 17 - 45. Let m = 17 - k. What is the units digit of v(m)?
0
Let a(z) be the third derivative of -z**6/120 + z**5/15 - z**3 + 26*z**2. Let s be a(3). What is the units digit of s - -46*-3*12/(-8)?
0
Let r(s) = -9*s**3 - 4*s**2 - s + 4. Let j be r(-3). Let c = j + 86. What is the units digit of c?
0
Suppose 3*l = -11*l - 11*l. Suppose l = 4*c + 1735 - 7443. What is the units digit of c?
7
Suppose 42*a - 35249 = -2*h + 39*a, -5*a = 3*h - 52874. What is the ten thousands digit of h?
1
Suppose 8*o = 49259 - 45033 + 163238. What is the units digit of o?
3
Let s(c) = -c**3 - 26*c**2 + 87*c + 11. Let t be s(-29). Suppose -285 + 21 = -t*m. What is the units digit of m?
4
Let o(m) = m**3 + 14*m**2 + 18*m + 26. Let w be o(-11). Let v = w - 78. Suppose 0 = 3*t - 46 - v. What is the tens digit of t?
5
Let x = -733 + 717. Let k(i) = 7*i**2 + 102*i - 3. What is the units digit of k(x)?
7
Let g(h) = -h**2 + 31*h + 40. Let b be g(34). Let r be (4/4)/(1/(-145)). Let k = b - r. What is the units digit of k?
3
Suppose 5*a = -k + 537, -5*a - 517 = -k - 0*a. Let o = k - 242. What is the units digit of o/2*(-16)/(-20)?
4
Let c = 42633 + -20983. What is the hundreds digit of c?
6
Let h(q) = -q**3 - 4*q**2 + 5*q + 8. Let r be h(-5). Suppose 0 = -2*s - 4*a + 678, a = 9*s - r*s - 330. What is the units digit of s?
3
What is the units digit of ((-339225)/(-300))/((-2)/(-9) + (-1)/(-36))?
3
Let c(g) = g**3 - 13*g**2 + 10*g + 28. Let q be c(12). Let w(v) = q + v**2 + 2*v**2 - 6*v + 6*v. What is the units digit of w(3)?
1
What is the units digit of 6*(-30)/18*(-5)/((-10)/(-1893))?
5
Let k(g) = 3*g**2 - 28*g - 1614. What is the ten thousands digit of k(71)?
1
Suppose 6458 = 35*b - 9397. Suppose 66*i - 69*i + b = 0. What is the hundreds digit of i?
1
Let l be (-2 - (-16)/(-6))*6. What is the tens digit of 12/l + (-11005)/(-35)?
1
Suppose -4*r - 2934 = f, 2*f - 3388 = 3*r - 1193. Let w = 1311 + r. What is the hundreds digit of w?
5
Let k = -4276 + 7126. What is the thousands digit of k?
2
Suppose 4*z - 30 = -6*z. What is the thousands digit of (-130577)/(-68) - (-1 - z/(-12))?
1
Let f(x) = -389*x - 1812. What is the tens digit of f(-9)?
8
Suppose 0 = -2*x - 10. Let p be 2 - ((x - -1) + -25). Let z = 72 - p. What is the units digit of z?
1
Suppose -398*b + 397*b - 4*d + 2716 = 0, d = 5*b - 13643. What is the tens digit of b?
2
Let v(j) = 3*j + 7. Let n be v(0). Let q = 8 + n. What is the units digit of 20/6*18/q?
4
Let c = 9374 + 12745. What is the hundreds digit of c?
1